e greatest common divisor of x and 231?
21
Suppose 2*d - 130 = 3*g, -6*g + 4*g - 92 = -4*d. Let h be (-1)/(3/g*1). What is the greatest common factor of h and 35?
7
Let b = -649 - -652. Calculate the highest common factor of b and 3.
3
Let a(s) = 4*s + 1. Let z(g) = -g**2 + 7*g + 9. Let r be z(8). Let y be a(r). Let q = 17 + y. What is the greatest common factor of 55 and q?
11
Let l be 0/(0/5 + 1). Suppose 4*n + l*n = -i + 14, n = -i + 8. Suppose 0 = -2*f - 5*w + 1, 3*w + 1 = -2*f + 4. What is the highest common divisor of i and f?
3
Suppose 3*f = 5*f. Let g be 88/(-6)*(-18 + f). Calculate the greatest common divisor of 33 and g.
33
Suppose -2*u - 12 = 3*a, -u - 3*a = a + 6. Let f be ((-1200)/(-28))/u*-7 - 1. Calculate the greatest common divisor of 7 and f.
7
Let q = 304 + -280. Calculate the highest common factor of 114 and q.
6
Let v(d) = 2*d**3 + 10*d**2 - 3*d - 10. Let k be v(-5). Suppose -4*q + i + 122 = 0, k*q + 2*i - 140 = -3*i. Calculate the greatest common divisor of 120 and q.
30
Let p(d) = -54*d - 858. Let x be p(-16). Calculate the greatest common divisor of 5 and x.
1
Suppose -8916 = -36*n + 480. Calculate the highest common divisor of n and 29.
29
Let a(i) = i**3 + 10*i**2 - 13*i - 7. Let y = -6 - 5. Let m be a(y). Calculate the highest common factor of m and 45.
15
Suppose -5*w - 174 = -3*w. Let n = w + 123. Suppose -2*l + 4*v + 40 = 2*l, 0 = 5*l + 4*v - 68. What is the greatest common divisor of l and n?
12
Let x = -32 - -34. Suppose -x*d = -2*q - 0 + 2, -5*q - 5*d + 25 = 0. What is the highest common factor of q and 3?
3
Let g(a) = a**3 + 5*a**2 + 15. Let q be g(-5). What is the greatest common divisor of 55 and q?
5
Let q be 8*(-7)/(-3 - -2). Suppose -k - 46 = -4*v - 2*k, 5*v = -3*k + 61. Suppose -5*z + 24 = -v. What is the greatest common factor of q and z?
7
Let h be -60 - -57 - (1 + -23 + 1). Calculate the highest common divisor of 28 and h.
2
Let a = 221 - 111. Suppose 0 = -j + 9 + 13. Calculate the greatest common factor of a and j.
22
Let s be 5/(40/(-36))*(-15 - -1). Calculate the greatest common factor of s and 9.
9
Let r(p) = 11*p - 83. Let t be r(18). What is the greatest common divisor of 207 and t?
23
Let n be (-760)/(-48) + (-4)/(-24). What is the highest common divisor of n and 384?
16
Let a = 411 + -36. Let l = 726 - a. Calculate the greatest common factor of 39 and l.
39
Let v(c) = c**3 + 5*c**2 - 4 + 0*c**3 - 2*c**3 - 2*c. Let w be -8*-2*12/64. Let r be v(w). What is the greatest common divisor of r and 20?
4
Let f(t) = 2*t**2 + 51*t + 252. Let p be f(-6). What is the greatest common divisor of 486 and p?
18
Let f(s) = s**3 + 6*s**2 - 9*s. Let n be f(-7). Let r = n - -133. Let v(y) = -y**2 + 10*y + 5. Let w be v(8). What is the greatest common factor of w and r?
21
Let q(m) = -m**3 - m**2 - 2*m - 24. Let v be q(-4). Calculate the highest common divisor of v and 336.
16
Let s be 901/(8*(-7)/(-56)). What is the greatest common factor of s and 17?
17
Suppose -3*x - 16 = -61. What is the highest common divisor of x and 144?
3
Let a(r) = -1198*r - 1. Let j be a(-2). Suppose -6*b = -j - 311. What is the greatest common divisor of b and 41?
41
Suppose 0 = 9*r - 61 - 92. Calculate the greatest common divisor of 748 and r.
17
Let p be 4/12 - 92/(-12). Let o(t) = -t**2 - 3*t - 6. Let r be o(p). Let n = -64 - r. Calculate the highest common factor of 10 and n.
10
Let v = 68 - 16. What is the highest common factor of v and 832?
52
Let q be ((-43)/(-4))/((-5)/(-20)). Let y = 56 + q. Let p be 8 - (0 + 2)/(-2). Calculate the highest common divisor of y and p.
9
Suppose 2*y - 198 = 5*s - 33, 0 = 3*s + 15. What is the greatest common divisor of 110 and y?
10
Let b be (-2)/8 + 5/4. Suppose -15 = -q - 3*q - l, 4*l = 4*q. Suppose -q*t - t - 5 = -3*z, 0 = -z - t + 11. Calculate the highest common factor of z and b.
1
Let v(d) = -3*d**3 + 2*d**2 - 5*d - 7. Let n be v(-2). Let t = 14 - 7. Calculate the highest common factor of n and t.
7
Let j be 4 + 1 + (5 - 7). Suppose -j*i + 412 + 38 = 0. What is the highest common divisor of i and 60?
30
Suppose -54 - 558 = -9*m. What is the greatest common divisor of 119 and m?
17
Let t be (6/7)/((-40)/(-35) - 1). Let n = t - -10. Calculate the highest common divisor of n and 176.
16
Suppose 15*r = 100 + 410. Calculate the greatest common divisor of r and 238.
34
Let y(o) = o**3 - 7*o**2 + 10*o. Let q be y(6). What is the greatest common divisor of q and 102?
6
Suppose -40 = -4*d + 20. Let m be 6/d - (-48)/5. Let h be (-12)/30 - ((-606)/(-5))/(-3). Calculate the highest common divisor of h and m.
10
Let l be (10/4)/(3/(48 + 6)). Calculate the highest common divisor of l and 165.
15
Suppose -3*h - h = -1920. Suppose -p + 437 = 4*n, 4*p + h + 40 = 5*n. Let s be 1 + 2 + (-1 - -10). Calculate the highest common factor of s and n.
12
Let i be 6/9*((41 - -2) + 2). Calculate the greatest common factor of i and 54.
6
Let y(f) = -5*f + 15. Let t be y(-5). Let a(u) = u**2 - 3*u - 2. Suppose 2*m = 5*m - 15. Let x be a(m). What is the greatest common divisor of x and t?
8
Let t = 412 - 384. Calculate the greatest common factor of 70 and t.
14
Let c(z) = -91*z + 665. Let u be c(7). What is the greatest common factor of u and 7?
7
Let k(o) = -o**3 - 10*o**2 - 10*o - 5. Let c be k(-9). Suppose -c*h + 84 = -2*v, -8*h + 3*h = 2*v - 114. What is the greatest common divisor of 88 and h?
22
Let t(i) = i**2 - 2*i + 1. Let g be t(-4). Let c = 0 + g. Suppose 0 = 4*s + 5*x - 36 - 3, 3*x = 2*s - c. What is the highest common divisor of s and 44?
11
Suppose 2 = -6*j + 8*j. Suppose 29 = 3*c - 4*y - j, -3*c + 3*y = -33. Calculate the highest common divisor of c and 56.
14
Let w(y) = -y**2 - 3*y. Let n be w(-2). Suppose 5*i - 13 = n. Let a be 1*i*39/13. Calculate the greatest common divisor of a and 72.
9
Suppose 0 = 3*d - 4*w - 794, -3 = -5*w + 17. Suppose p - 3 = -6. Let b = 33 + p. What is the greatest common divisor of d and b?
30
Suppose -k + 5*k = 5*w - 1240, -2*k = -w + 242. What is the greatest common divisor of w and 72?
36
Suppose 5*a - 3*x + 10 - 5 = 0, -4*x = 2*a - 24. Let z be 14 + (-2 - -2)/a. What is the highest common factor of z and 2?
2
Let g = 523 + -503. Calculate the highest common divisor of g and 18.
2
Suppose 10*t = 195 + 125. Let a be (16/6)/(2/36). Calculate the highest common divisor of t and a.
16
Let m(x) = 29*x - 7. Let i(o) = -14*o + 3. Let k(f) = 14*i(f) + 6*m(f). Let c be k(-4). What is the highest common factor of c and 11?
11
Let l(x) = 9*x - 10. Let w be l(6). Suppose 7*o - 152 - 44 = 0. Let v = o + w. What is the highest common factor of 18 and v?
18
Let p(n) = 3*n**3 - n**2 - 14*n + 69. Let x be p(4). Calculate the highest common divisor of x and 126.
63
Let p(j) = 2*j**2 - 10*j + 67. Let z be p(8). Calculate the highest common divisor of z and 46.
23
Let p(c) = 4*c**2 + c + 6. Let m be p(-4). Suppose m = 4*b + 2*q, -2*b + 48 = b + q. What is the highest common divisor of b and 45?
15
Let j = 17 - 7. Let p(w) = w**3 - 8*w**2 + 7*w + 3. Let i be p(7). Suppose i*u = 2*u + 10. Calculate the greatest common factor of u and j.
10
Let c be (2 + 1)*(-1 + -36). Let g be (1 + 1)*(1 + 77). Let i = g + c. What is the highest common factor of i and 18?
9
Suppose 0 = 4*l + 72 - 336. Let c(o) = o**2 - 8*o - 3. Let v be c(9). Calculate the highest common factor of l and v.
6
Let c = -183 - -189. Calculate the highest common divisor of 45 and c.
3
Suppose 3*m = -5 - 10, -2*x + 3*m + 19 = 0. Suppose -7*t + x*t = -15. Suppose z = 2 + t, -2*k = -2*z - 4. What is the greatest common factor of k and 21?
7
Let i = 10 + -6. Suppose -i*b + 971 - 11 = 0. Let q = -58 + b. What is the greatest common factor of q and 26?
26
Suppose 54 = 4*u - 10. Suppose -7 = n + 5*m - 29, n + 2*m = u. Let k(q) = -q - 5. Let j be k(-9). What is the highest common factor of n and j?
4
Let p(t) = -3*t + 11. Let s be p(-3). Suppose -i = -0*i - 4*n - 32, 0 = -4*n - 12. Calculate the greatest common divisor of s and i.
20
Suppose 0 = 4*k + 3*q - 1 + 2, 5*q - 13 = -3*k. Let p be -1 + -2*16/k. Let m be ((-18)/(-3) - 3) + p. What is the highest common factor of m and 20?
10
Suppose 0 = 35*k - 30*k - 3680. What is the highest common factor of 92 and k?
92
Let x = 20 + -16. Suppose -2 + 10 = x*s. Suppose 59 = s*a - 11. Calculate th